{"id":94,"date":"2023-10-07T09:33:53","date_gmt":"2023-10-07T09:33:53","guid":{"rendered":"https:\/\/zerdaliegitim.com.tr\/?page_id=94"},"modified":"2023-10-07T11:33:41","modified_gmt":"2023-10-07T11:33:41","slug":"anasinifi","status":"publish","type":"page","link":"https:\/\/zerdaliegitim.com.tr\/?page_id=94","title":{"rendered":"Anas\u0131n\u0131f\u0131"},"content":{"rendered":"<p>Bu ya\u015f gurubunda \u00e7ocu\u011fun i\u00e7inde var olan yetenekleri \u00e7\u0131karmaya ve geli\u015ftirmeye y\u00f6nelik \u00e7al\u0131\u015fmalar yap\u0131l\u0131r. \u0130lkokula ba\u015flarken ge\u00e7i\u015f ve al\u0131\u015fma s\u00fcrecini kolay atlat\u0131c\u0131 \u00e7al\u0131\u015fmalar yap\u0131l\u0131r. \u0130lkokulun temelleri olan sesler tan\u0131ma, rakamlar\u0131 bilme, basit toplama \u00e7\u0131karma kavramlar\u0131n\u0131n verilmesi gibi e\u011fitimler verilmektedir.<\/p>\n<p>&nbsp;<\/p>\n<p><strong>Anas\u0131n\u0131f\u0131nda Neler Yap\u0131yoruz\u2026<\/strong><\/p>\n<p><img loading=\"lazy\" decoding=\"async\" class=\"wp-image-187 alignleft\" src=\"https:\/\/zerdaliegitim.com.tr\/wp-content\/uploads\/2023\/10\/OZ-BAKIM-UYGULAMALARI-33-300x300.png\" alt=\"\" width=\"121\" height=\"121\" srcset=\"https:\/\/zerdaliegitim.com.tr\/wp-content\/uploads\/2023\/10\/OZ-BAKIM-UYGULAMALARI-33-300x300.png 300w, https:\/\/zerdaliegitim.com.tr\/wp-content\/uploads\/2023\/10\/OZ-BAKIM-UYGULAMALARI-33-1024x1024.png 1024w, https:\/\/zerdaliegitim.com.tr\/wp-content\/uploads\/2023\/10\/OZ-BAKIM-UYGULAMALARI-33-150x150.png 150w, https:\/\/zerdaliegitim.com.tr\/wp-content\/uploads\/2023\/10\/OZ-BAKIM-UYGULAMALARI-33-768x768.png 768w, https:\/\/zerdaliegitim.com.tr\/wp-content\/uploads\/2023\/10\/OZ-BAKIM-UYGULAMALARI-33.png 1181w\" sizes=\"auto, (max-width: 121px) 100vw, 121px\" \/><img loading=\"lazy\" decoding=\"async\" class=\"wp-image-190 alignleft\" src=\"https:\/\/zerdaliegitim.com.tr\/wp-content\/uploads\/2023\/10\/OZ-BAKIM-UYGULAMALARI-34-300x300.png\" alt=\"\" width=\"121\" height=\"121\" srcset=\"https:\/\/zerdaliegitim.com.tr\/wp-content\/uploads\/2023\/10\/OZ-BAKIM-UYGULAMALARI-34-300x300.png 300w, https:\/\/zerdaliegitim.com.tr\/wp-content\/uploads\/2023\/10\/OZ-BAKIM-UYGULAMALARI-34-1024x1024.png 1024w, https:\/\/zerdaliegitim.com.tr\/wp-content\/uploads\/2023\/10\/OZ-BAKIM-UYGULAMALARI-34-150x150.png 150w, https:\/\/zerdaliegitim.com.tr\/wp-content\/uploads\/2023\/10\/OZ-BAKIM-UYGULAMALARI-34-768x768.png 768w, https:\/\/zerdaliegitim.com.tr\/wp-content\/uploads\/2023\/10\/OZ-BAKIM-UYGULAMALARI-34.png 1181w\" sizes=\"auto, (max-width: 121px) 100vw, 121px\" \/><img loading=\"lazy\" decoding=\"async\" class=\"wp-image-192 alignleft\" src=\"https:\/\/zerdaliegitim.com.tr\/wp-content\/uploads\/2023\/10\/OZ-BAKIM-UYGULAMALARI-35-300x300.png\" alt=\"\" width=\"121\" height=\"121\" srcset=\"https:\/\/zerdaliegitim.com.tr\/wp-content\/uploads\/2023\/10\/OZ-BAKIM-UYGULAMALARI-35-300x300.png 300w, https:\/\/zerdaliegitim.com.tr\/wp-content\/uploads\/2023\/10\/OZ-BAKIM-UYGULAMALARI-35-1024x1024.png 1024w, https:\/\/zerdaliegitim.com.tr\/wp-content\/uploads\/2023\/10\/OZ-BAKIM-UYGULAMALARI-35-150x150.png 150w, https:\/\/zerdaliegitim.com.tr\/wp-content\/uploads\/2023\/10\/OZ-BAKIM-UYGULAMALARI-35-768x768.png 768w, https:\/\/zerdaliegitim.com.tr\/wp-content\/uploads\/2023\/10\/OZ-BAKIM-UYGULAMALARI-35.png 1181w\" sizes=\"auto, (max-width: 121px) 100vw, 121px\" \/><img loading=\"lazy\" decoding=\"async\" class=\"wp-image-194 alignleft\" src=\"https:\/\/zerdaliegitim.com.tr\/wp-content\/uploads\/2023\/10\/OZ-BAKIM-UYGULAMALARI-36-300x300.png\" alt=\"\" width=\"121\" height=\"121\" srcset=\"https:\/\/zerdaliegitim.com.tr\/wp-content\/uploads\/2023\/10\/OZ-BAKIM-UYGULAMALARI-36-300x300.png 300w, https:\/\/zerdaliegitim.com.tr\/wp-content\/uploads\/2023\/10\/OZ-BAKIM-UYGULAMALARI-36-1024x1024.png 1024w, https:\/\/zerdaliegitim.com.tr\/wp-content\/uploads\/2023\/10\/OZ-BAKIM-UYGULAMALARI-36-150x150.png 150w, https:\/\/zerdaliegitim.com.tr\/wp-content\/uploads\/2023\/10\/OZ-BAKIM-UYGULAMALARI-36-768x768.png 768w, https:\/\/zerdaliegitim.com.tr\/wp-content\/uploads\/2023\/10\/OZ-BAKIM-UYGULAMALARI-36.png 1181w\" sizes=\"auto, (max-width: 121px) 100vw, 121px\" \/><img loading=\"lazy\" decoding=\"async\" class=\"wp-image-196 alignleft\" src=\"https:\/\/zerdaliegitim.com.tr\/wp-content\/uploads\/2023\/10\/OZ-BAKIM-UYGULAMALARI-37-300x300.png\" alt=\"\" width=\"121\" height=\"121\" srcset=\"https:\/\/zerdaliegitim.com.tr\/wp-content\/uploads\/2023\/10\/OZ-BAKIM-UYGULAMALARI-37-300x300.png 300w, https:\/\/zerdaliegitim.com.tr\/wp-content\/uploads\/2023\/10\/OZ-BAKIM-UYGULAMALARI-37-1024x1024.png 1024w, https:\/\/zerdaliegitim.com.tr\/wp-content\/uploads\/2023\/10\/OZ-BAKIM-UYGULAMALARI-37-150x150.png 150w, https:\/\/zerdaliegitim.com.tr\/wp-content\/uploads\/2023\/10\/OZ-BAKIM-UYGULAMALARI-37-768x768.png 768w, https:\/\/zerdaliegitim.com.tr\/wp-content\/uploads\/2023\/10\/OZ-BAKIM-UYGULAMALARI-37.png 1181w\" sizes=\"auto, (max-width: 121px) 100vw, 121px\" \/><img loading=\"lazy\" decoding=\"async\" class=\"wp-image-198 alignleft\" src=\"https:\/\/zerdaliegitim.com.tr\/wp-content\/uploads\/2023\/10\/OZ-BAKIM-UYGULAMALARI-38-300x300.png\" alt=\"\" width=\"121\" height=\"121\" srcset=\"https:\/\/zerdaliegitim.com.tr\/wp-content\/uploads\/2023\/10\/OZ-BAKIM-UYGULAMALARI-38-300x300.png 300w, https:\/\/zerdaliegitim.com.tr\/wp-content\/uploads\/2023\/10\/OZ-BAKIM-UYGULAMALARI-38-1024x1024.png 1024w, https:\/\/zerdaliegitim.com.tr\/wp-content\/uploads\/2023\/10\/OZ-BAKIM-UYGULAMALARI-38-150x150.png 150w, https:\/\/zerdaliegitim.com.tr\/wp-content\/uploads\/2023\/10\/OZ-BAKIM-UYGULAMALARI-38-768x768.png 768w, https:\/\/zerdaliegitim.com.tr\/wp-content\/uploads\/2023\/10\/OZ-BAKIM-UYGULAMALARI-38.png 1181w\" sizes=\"auto, (max-width: 121px) 100vw, 121px\" \/><img loading=\"lazy\" decoding=\"async\" class=\"wp-image-200 alignleft\" src=\"https:\/\/zerdaliegitim.com.tr\/wp-content\/uploads\/2023\/10\/OZ-BAKIM-UYGULAMALARI-39-300x300.png\" alt=\"\" width=\"121\" height=\"121\" srcset=\"https:\/\/zerdaliegitim.com.tr\/wp-content\/uploads\/2023\/10\/OZ-BAKIM-UYGULAMALARI-39-300x300.png 300w, https:\/\/zerdaliegitim.com.tr\/wp-content\/uploads\/2023\/10\/OZ-BAKIM-UYGULAMALARI-39-1024x1024.png 1024w, https:\/\/zerdaliegitim.com.tr\/wp-content\/uploads\/2023\/10\/OZ-BAKIM-UYGULAMALARI-39-150x150.png 150w, https:\/\/zerdaliegitim.com.tr\/wp-content\/uploads\/2023\/10\/OZ-BAKIM-UYGULAMALARI-39-768x768.png 768w, https:\/\/zerdaliegitim.com.tr\/wp-content\/uploads\/2023\/10\/OZ-BAKIM-UYGULAMALARI-39.png 1181w\" sizes=\"auto, (max-width: 121px) 100vw, 121px\" \/><\/p>\n","protected":false},"excerpt":{"rendered":"<p>Bu ya\u015f gurubunda \u00e7ocu\u011fun i\u00e7inde var olan yetenekleri \u00e7\u0131karmaya ve geli\u015ftirmeye y\u00f6nelik \u00e7al\u0131\u015fmalar yap\u0131l\u0131r. \u0130lkokula ba\u015flarken ge\u00e7i\u015f ve al\u0131\u015fma s\u00fcrecini kolay atlat\u0131c\u0131 \u00e7al\u0131\u015fmalar yap\u0131l\u0131r. \u0130lkokulun temelleri olan sesler tan\u0131ma, rakamlar\u0131 bilme, basit toplama \u00e7\u0131karma kavramlar\u0131n\u0131n verilmesi gibi e\u011fitimler verilmektedir. &nbsp; Anas\u0131n\u0131f\u0131nda Neler Yap\u0131yoruz\u2026<\/p>\n","protected":false},"author":1,"featured_media":0,"parent":0,"menu_order":0,"comment_status":"closed","ping_status":"closed","template":"","meta":{"footnotes":""},"class_list":["post-94","page","type-page","status-publish","hentry"],"_links":{"self":[{"href":"https:\/\/zerdaliegitim.com.tr\/index.php?rest_route=\/wp\/v2\/pages\/94","targetHints":{"allow":["GET"]}}],"collection":[{"href":"https:\/\/zerdaliegitim.com.tr\/index.php?rest_route=\/wp\/v2\/pages"}],"about":[{"href":"https:\/\/zerdaliegitim.com.tr\/index.php?rest_route=\/wp\/v2\/types\/page"}],"author":[{"embeddable":true,"href":"https:\/\/zerdaliegitim.com.tr\/index.php?rest_route=\/wp\/v2\/users\/1"}],"replies":[{"embeddable":true,"href":"https:\/\/zerdaliegitim.com.tr\/index.php?rest_route=%2Fwp%2Fv2%2Fcomments&post=94"}],"version-history":[{"count":10,"href":"https:\/\/zerdaliegitim.com.tr\/index.php?rest_route=\/wp\/v2\/pages\/94\/revisions"}],"predecessor-version":[{"id":201,"href":"https:\/\/zerdaliegitim.com.tr\/index.php?rest_route=\/wp\/v2\/pages\/94\/revisions\/201"}],"wp:attachment":[{"href":"https:\/\/zerdaliegitim.com.tr\/index.php?rest_route=%2Fwp%2Fv2%2Fmedia&parent=94"}],"curies":[{"name":"wp","href":"https:\/\/api.w.org\/{rel}","templated":true}]}}